y(p) be the third derivative of -p**6/120 + p**5/20 - p**4/24 - 5*p**3/6 + 2009*p**2. Give y(-3).
52
Let w be 1/((-2)/(-4)) + 35 + -14. Suppose -51*q = -w*q + 84. Let b(d) = 3*d**2 + d + 1. What is b(q)?
25
Let x be 3/(-18) - 55/(-6). Let n(h) = -17*h - 6 - 20*h + 61*h - 21*h. What is n(x)?
21
Let a(p) = 5*p + 1. Let n(w) = 24*w + 4. Let h(d) = -14*a(d) + 3*n(d). Let r be h(2). Let l(u) = -11*u**2 + 18*u**2 + 6*u - 4 + 1 - 8*u**2. Determine l(r).
5
Let d(q) = 6575 - 3295 - q**3 + 2*q - 3284. Determine d(0).
-4
Suppose -24*j = -25*j + 11. Let x(h) = 5*h**2 - 10 - h**2 - 3*h**2 - 10 + 24 - 11*h. Give x(j).
4
Suppose 0 = 4*l, 5*t = 6*t - 4*l - 5. Let y(s) = s - t - 1 + 9*s**2 - 11*s - 1 + 16*s + s**3. Let c be (-2)/(9/4 + -2). Determine y(c).
9
Let x(d) be the second derivative of d**3/3 + 3*d**2/2 + 12*d + 2. Let p = -456 - -458. What is x(p)?
7
Let a(b) = -7*b - 8. Let h(n) = n - 2. Let r(s) = -a(s) - h(s). Let c be 6/90*5*-21. What is r(c)?
-32
Let o(s) = -7 + s + 20 - 2*s. Let x(n) be the third derivative of -n**5/60 + 7*n**4/24 + 4*n**3/3 - n**2 + 7*n. Let r be x(7). What is o(r)?
5
Suppose -5*p - 27 + 72 = 0. Let r(g) = -76 - g**2 + 9*g - 75 + 149. Determine r(p).
-2
Let p(r) = -4*r + 14*r - 100 - 21*r + 17*r + 18*r. Determine p(5).
20
Let f(u) = u**2 + 21*u + 71. Let q(v) = -v**3 - 24*v**2 - 127*v - 9. Let j be q(-8). What is f(j)?
3
Let y = 154/9 - 148/9. Let p(x) be the third derivative of 0*x + 15*x**2 + 0 - y*x**3 - 1/8*x**4. What is p(4)?
-16
Let j(o) = -3*o + 19. Let x be -11*5/10*1020/(-561). Give j(x).
-11
Let u be 4/6*36/1. Suppose 27 + 117 = u*y. Let b(o) = o**2 - 5*o. Determine b(y).
6
Let k(v) = v**2 - 17*v - 84. Let y(t) = 2*t**2 - 30*t + 24. Let l be y(14). Let n be k(l). Let m(s) = s**2 - s + 27. What is m(n)?
27
Let j(b) be the third derivative of b**4/12 + b**3/2 + 4*b**2. Suppose -5*f + 5*u = 30, 0 = -f + 5*u - 22 - 0. Calculate j(f).
-1
Let c(u) = -u**2 - 4*u - 3. Suppose 20*o - 19*o = -36. Let p = o - -50. Let s(d) = -d + 10. Let a be s(p). Give c(a).
-3
Let r(y) = 7*y. Let v(d) = 6*d - 1. Let z(a) = -2*r(a) + 3*v(a). Let c(i) = -3*i + 3. Let l(n) = 6*c(n) + 5*z(n). Calculate l(-8).
-13
Let g = -600 + 615. Let b(a) = -4*a - 6*a + g*a - 6*a + 5. Determine b(13).
-8
Let n(k) = k**2 + k + 1. Let a(o) be the second derivative of -5*o**4/12 - 5*o**3/3 + o**2/2 + 12*o - 3. Let l(g) = -a(g) - 4*n(g). What is l(-8)?
11
Let w(g) = -g**2 + 1. Let q(j) = j**2 + j - 4. Let o(l) = -q(l) - 3*w(l). Let b(m) = -93 + 73 + m**2 + 0*m**2 + 3*m. Let v be b(-6). What is o(v)?
11
Suppose 3 - 31 = -7*p. Suppose 0 = -5*q + 3*t + 30, p = 3*q - t + 2*t. Let h(x) = 5*x - 344 - 3*x + 342 - q*x. Give h(-7).
5
Suppose 0 = 14*l + 117 - 187. Let d(z) be the third derivative of -4*z**2 + 3/20*z**l + 0*z**4 + 0*z - 1/120*z**6 + z**3 + 0. Give d(9).
6
Let u(a) = a**3 + 7*a**2 + 10*a + 8. Let w be 5/4 - 2646/504. Determine u(w).
16
Let r(l) be the first derivative of -l**4/4 + 5*l**3/3 - 5*l**2/2 - 9*l + 6264. Give r(5).
-34
Let c(a) = -a**3 - 14*a**2 + 33*a + 11. Let h(z) = -81*z + 2819. Let x be h(35). Calculate c(x).
-5
Let v(h) = -16*h**3 - h**2 - 2*h - 1. Let s(n) = 867*n + 6068. Let y be s(-7). Calculate v(y).
16
Suppose -52*o + 32 = -36*o. Let u = -25 - -19. Let p(r) = -3*r**2 - 4*r + 8. Let f(z) = 5*z**2 + 8*z - 15. Let a(v) = u*f(v) - 11*p(v). What is a(o)?
6
Let y(b) = b**3 + 6*b**2 + 2. Let t be y(-6). Let w(s) = 182*s**2 - 88*s**2 - 97*s**t + 3*s. What is w(2)?
-6
Let a be 4/8*(21 - 6/2). Let q be -5*(-4)/(-10) + 1*a. Let c(m) = -m + 5. Give c(q).
-2
Let l(z) = -1 - z + 5*z**2 + 0*z - 4*z**2. Suppose 3*s = 3*d, 2*s - 5*d + 10 + 5 = 0. Suppose 2*u = -8 - 2, -s*y + 10 = u. Calculate l(y).
5
Let f(b) be the third derivative of b**4/12 - 2*b**2. Suppose -7*v = -20*v + 117. Give f(v).
18
Let l = 55 - 54. Let f(o) = 5*o + o**2 - o + l - 7*o - 5. Suppose 14 = 7*r - 7. Calculate f(r).
-4
Let t(o) be the second derivative of o**4/12 - 17*o**3/6 + 57*o**2/2 - o + 36. Determine t(6).
-9
Let r(m) = 3*m**3 + 4*m**2 - 7*m + 4. Suppose -6*w = -2*w - 12, 5*s = -9*w + 32. Give r(s).
4
Let x(r) = -r**2 - 545*r - 3230. Let u be x(-6). Let s(b) = -b**3 + 4*b**2 + 6*b + 2. Give s(u).
26
Let b(x) = -2*x - 4. Suppose -3*y = 4*t - 548, 176 + 98 = 2*t + 2*y. Let k = 131 - t. What is b(k)?
8
Let r(d) = d - 2. Let j(u) = -2*u + 5. Let b(f) = 3*j(f) + 5*r(f). Let h be (-3)/36 - ((-13818)/72)/47. What is b(h)?
1
Let l = -27417 - -27419. Let x(v) = -26*v + 37. Calculate x(l).
-15
Suppose 0 = -2*r + 3*n, -8 + 4 = 2*r - 2*n. Let x(t) = -5*t - 17. Calculate x(r).
13
Let x be (-5)/(-1)*6/18*6. Let h(s) = 0*s**2 - s**2 + s + x + 0*s**2 + 7*s. Calculate h(9).
1
Suppose -20 = 19*u - 58. Let q(k) = 4 + 2*k - 5 - 728*k**2 + 360*k**2 + 378*k**u. Give q(1).
11
Suppose 0 = -2*x - 10*k - 10, 2*x + 10 = 5*k + 15. Let b(c) be the third derivative of x + 1/12*c**4 + 1/60*c**5 + 1/6*c**3 + 0*c + 14*c**2. What is b(-2)?
1
Let q be 34/(-4) - 3/6. Let j(u) = 8*u**2 - 6 + 437*u**3 + 436*u**3 - 10*u - 872*u**3. Determine j(q).
3
Let p = -2 - 1. Let j(u) = 20*u**3 - 40*u**2 + 294*u - 6. Let d(t) = -7*t**3 + 14*t**2 - 104*t + 2. Let z(q) = 17*d(q) + 6*j(q). Determine z(p).
-35
Suppose 148934*u + 782 = 148957*u. Let q(j) be the third derivative of 0 - j**3 - u*j**2 - 5/24*j**4 + 0*j. Calculate q(-4).
14
Suppose -i = -4*g + 21, 0 = 5*g - 0*g - i - 27. Let w(q) = 20*q**2 - 10*q + 1 + 19*q - 5*q - g*q. Determine w(1).
19
Let t(c) be the first derivative of 3*c**2/2 + 101. Let i(j) = 8*j - 3. Let m(q) = -i(q) + 2*t(q). What is m(5)?
-7
Let o(v) = 4*v - 2. Let r(w) = 7*w + 173. Let n be r(-25). Determine o(n).
-10
Suppose 37 = 2*d + 29. Suppose 5*x + 25 = u, -2*x - d*u - 25 = 3*x. Let j(f) be the third derivative of -f**4/24 + 7*f**3/6 + 53*f**2. Determine j(x).
12
Let o(f) = -1 - f - 4 - 3*f. Suppose -y - 3*y - 6*q = -8*q, -2*q - 2*q - 40 = 0. Give o(y).
15
Let f(v) = -58*v - 1. Let n(s) = -320*s - 6. Let j(d) = 22*f(d) - 4*n(d). What is j(0)?
2
Let d(r) = 6*r**2 - 9*r - 60. Let u be d(-8). Let z be 748/u + (-1)/(-9). Let a(b) = -5*b**2 + 3*b - 1. Give a(z).
-15
Let c(k) = -504*k + 236*k + 8*k**2 + 0*k**2 + 244*k + k**3 - 9 - 36. Give c(-10).
-5
Let o(f) = 7*f + 1. Let b be o(1). Suppose -2*z - b = 2*z. Let m(x) = -47*x - 1 + 3*x**2 + 16*x + x**3 + 13*x + 18*x. Calculate m(z).
3
Let b(v) = v**3 - 1134*v**2 - 103*v - 47 + 1245*v**2 - 127*v**2. Give b(21).
-5
Let i(l) = -l - 16. Let j(a) = -a - 16. Let o(p) = -6*i(p) + 7*j(p). Let h(c) = c**2 - 34*c + 180. Let r be h(7). Give o(r).
-7
Let t(n) = n**2 + 9*n + 16. Suppose 255*m = 250*m - 2*q - 20, -26 = m - 4*q. Determine t(m).
-2
Let b be (784/240 + -3)*40/16. Let m(o) be the second derivative of 3/2*o**2 + 1/20*o**5 + 0 - b*o**3 + 1/4*o**4 - 28*o. Calculate m(2).
15
Let b(l) = 6*l**3 + 5*l**2 + 2*l + 6. Let d(w) = -8*w**3 - 6*w**2 - 2*w - 7. Let y(h) = 6*b(h) + 5*d(h). Let n be y(-1). Let g(q) = 3*q**2 - 2*q - 1. Give g(n).
20
Let y(q) = -3. Let t(g) = g + 11. Let d = 245 + -247. Let x(b) = d*y(b) - t(b). What is x(-7)?
2
Let z = 126 + -124. Let l(h) = z - 94*h + 0 + h**2 + 1 + 97*h. What is l(-2)?
1
Let g(m) = 3*m**3 - 3*m**2 - 4. Let v(t) = 16*t**3 - 13*t**2 - 21. Suppose -1681*r = -1686*r + 55. Let q(a) = r*g(a) - 2*v(a). Calculate q(7).
-2
Let p = 3 + -3. Let z(t) = -t**2 - 20*t - 32. Let a be z(-18). Suppose p*u = -a*u - 4. Let b(q) = -6*q**3 + q**2 - q - 1. Determine b(u).
7
Let t(j) = -4*j**3 + j**2 + 4*j - 2. Let g(c) = -4*c**3 + 2*c**2 + 5*c - 3. Let n(w) = 2*g(w) - 3*t(w). What is n(1)?
3
Let p be -1 + 739 - (60 - 65). Let r = p + -759. Let k(o) = o**2 + 15*o - 15. Give k(r).
1
Suppose 36 = -24*p + 12. Suppose -4*l + 1 = 2*j - 25, l - 2 = j. Let u(k) = 7*k**2 + 6*k**j - 2*k - 1 - 9*k**2 + 2*k**3. Determine u(p).
-9
Let z(m) = -m**2 - 9*m - 4. Let h(b) = 2*b**2 - 5*b + 5. Let r be h(2). Suppose 0 = -r*p, -p + 40 = 5*d - 4*p. Suppose 3*x + d*x = -110. Give z(x).
-14
Let q(h) = 5*h**2 - 10*h + 2. Let v(g) = -4*g**2 + 8*g - 2. Let r(s) = 3*q(s) + 4*v(s). Suppose 3*a - o - 2 - 2 = 0, 8 = 2*a + 2*o. Give r(a).
-2
Let j(f) = -3*f**3 - f**2 + 2*f - 1. Suppose -4*q + 5*l + 124 = 0, -82 = -2*q - q + l. Let g = -21 + q. Suppose 6*u - 1 - g = 0. Calculate j(u).
-3
Suppose -12 = 3*l, -8*v - 243 = -13*v - 3*l. Let z = -55 + v. Let q(w) = -w**3 - 3*w**2